{"id":2,"date":"2023-11-02T20:19:35","date_gmt":"2023-11-02T19:19:35","guid":{"rendered":"https:\/\/agholidaytravels.com\/?page_id=2"},"modified":"2023-12-05T12:17:51","modified_gmt":"2023-12-05T11:17:51","slug":"quienes-somos-holiday-travel","status":"publish","type":"page","link":"https:\/\/agholidaytravels.com\/index.php\/quienes-somos-holiday-travel\/","title":{"rendered":"Quienes Somos"},"content":{"rendered":"\n<figure class=\"wp-block-image size-large\"><img decoding=\"async\" loading=\"lazy\" width=\"1024\" height=\"768\" src=\"https:\/\/agholidaytravels.com\/wp-content\/uploads\/2023\/12\/foto-de-oficina-1024x768.jpg\" alt=\"\" class=\"wp-image-329\" srcset=\"https:\/\/agholidaytravels.com\/wp-content\/uploads\/2023\/12\/foto-de-oficina-1024x768.jpg 1024w, https:\/\/agholidaytravels.com\/wp-content\/uploads\/2023\/12\/foto-de-oficina-300x225.jpg 300w, https:\/\/agholidaytravels.com\/wp-content\/uploads\/2023\/12\/foto-de-oficina-768x576.jpg 768w, https:\/\/agholidaytravels.com\/wp-content\/uploads\/2023\/12\/foto-de-oficina-1536x1152.jpg 1536w, https:\/\/agholidaytravels.com\/wp-content\/uploads\/2023\/12\/foto-de-oficina-80x60.jpg 80w, https:\/\/agholidaytravels.com\/wp-content\/uploads\/2023\/12\/foto-de-oficina.jpg 1600w\" sizes=\"(max-width: 1024px) 100vw, 1024px\" \/><\/figure>\n\n\n\n<p>Somos una agencia de viajes, que contamos con asesor\u00eda profesional y las mejores ofertas especializadas en paquetes tur\u00edsticos, boleteria a\u00e9rea, seguros de viaje, hospedaje te ofrecemos servicios de turismo adaptados a tus necesidades a precios solidarios en el mercado.<\/p>\n\n\n\n<p>Poseemos la experiencia y y el impulso para brindarle el mejor de nuestros servicios que usted, amigos, empresa y familiares requiere para el disfrute de unas agradables vacaciones.<\/p>\n\n\n\n<p>&nbsp;<strong>MISI\u00d3N<\/strong><\/p>\n\n\n\n<p>Ofrecer el mejor servicio con el fin de alcanzar la satisfacci\u00f3n de nuestros usuarios con nuestros paquetes tur\u00edsticos y boleteria a\u00e9rea a precios accesibles para el disfrute en familia o empresarial.<\/p>\n\n\n\n<p><strong>VISI\u00d3N<\/strong><\/p>\n\n\n\n<p>Consolidarnos como una agencia l\u00edder&nbsp;en el mercado actual, con personal calificado brindando una experiencia agradable a nuestros clientes, ademas fortalecer el turismo nacional y internacional&nbsp;<\/p>\n\n\n\n<p><strong>Holiday Travels<br>Atenci\u00f3n Presencial : <br><\/strong>Lunes a Viernes &#8211; <strong>9:00 am a 7:00 pm<\/strong><br>Sabados<strong> 9:00 a 1:00 pm<\/strong><br>Email: holiday-travels@hotmail.com<br>Web: www.agholidaytravels.com<br>Jr. Bolivar Nro. 143 &#8211; Huacho \/ Lima &#8211; Per\u00fa<br>Telef: 232-8945 \/ 239-6944 <br>Celular.  991467251 &#8211; 971477452<\/p>\n\n\n\n<hr class=\"wp-block-separator has-alpha-channel-opacity\"\/>\n","protected":false},"excerpt":{"rendered":"<p>Somos una agencia de viajes, que contamos con asesor\u00eda profesional y las mejores ofertas especializadas en paquetes tur\u00edsticos, boleteria a\u00e9rea, seguros de viaje, hospedaje te &hellip; <\/p>\n","protected":false},"author":1,"featured_media":17,"parent":0,"menu_order":0,"comment_status":"closed","ping_status":"open","template":"","meta":{"footnotes":""},"_links":{"self":[{"href":"https:\/\/agholidaytravels.com\/index.php\/wp-json\/wp\/v2\/pages\/2"}],"collection":[{"href":"https:\/\/agholidaytravels.com\/index.php\/wp-json\/wp\/v2\/pages"}],"about":[{"href":"https:\/\/agholidaytravels.com\/index.php\/wp-json\/wp\/v2\/types\/page"}],"author":[{"embeddable":true,"href":"https:\/\/agholidaytravels.com\/index.php\/wp-json\/wp\/v2\/users\/1"}],"replies":[{"embeddable":true,"href":"https:\/\/agholidaytravels.com\/index.php\/wp-json\/wp\/v2\/comments?post=2"}],"version-history":[{"count":7,"href":"https:\/\/agholidaytravels.com\/index.php\/wp-json\/wp\/v2\/pages\/2\/revisions"}],"predecessor-version":[{"id":360,"href":"https:\/\/agholidaytravels.com\/index.php\/wp-json\/wp\/v2\/pages\/2\/revisions\/360"}],"wp:featuredmedia":[{"embeddable":true,"href":"https:\/\/agholidaytravels.com\/index.php\/wp-json\/wp\/v2\/media\/17"}],"wp:attachment":[{"href":"https:\/\/agholidaytravels.com\/index.php\/wp-json\/wp\/v2\/media?parent=2"}],"curies":[{"name":"wp","href":"https:\/\/api.w.org\/{rel}","templated":true}]}}