{"id":106,"date":"2023-11-25T17:43:34","date_gmt":"2023-11-25T16:43:34","guid":{"rendered":"https:\/\/agholidaytravels.com\/?page_id=106"},"modified":"2023-11-25T18:57:19","modified_gmt":"2023-11-25T17:57:19","slug":"cajamarca-clasico-03-dias-02-noches","status":"publish","type":"page","link":"https:\/\/agholidaytravels.com\/index.php\/cajamarca-clasico-03-dias-02-noches\/","title":{"rendered":"Cajamarca Cl\u00e1sico 03 d\u00edas\/02 noches"},"content":{"rendered":"\n<p><strong>INCLUYE<\/strong><\/p>\n\n\n\n<p>\u25baTraslados Aeropuerto \/ Hotel \/ Aeropuerto en Cajamarca<br>\u25ba02 Noches de Alojamiento.<br>\u25baAlimentaci\u00f3n: 02 Desayunos Continentales.<br>\u25baCity Tour por la Ciudad de Cajamarca +Cuarto de rescate<br>\u25baExcursi\u00f3n Necr\u00f3polis de Otuzco, Hacienda tres molinos, El Jard\u00edn de las Hortensias y Fundo de Alpes<br>\u25baVisita a la ex Hacienda Collpa, en el distrito de Llacanora, Cuevas de Callacpuma y Ba\u00f1os del Inca<br>\u25baMovilidad Permanente y entradas a todos los Atractivos a Visitar.<br>\u25baGu\u00eda Oficial de Turismo<br>\u25baServicio tipo Ingl\u00e9s y espa\u00f1ol<\/p>\n\n\n\n<p><strong>Precio por PAX en USD 164.00<br><em>Hotel El Portal del Marques 3<\/em><\/strong><\/p>\n\n\n\n<hr class=\"wp-block-separator has-alpha-channel-opacity\"\/>\n\n\n\n<figure class=\"wp-block-embed is-type-video is-provider-youtube wp-block-embed-youtube wp-embed-aspect-16-9 wp-has-aspect-ratio\"><div class=\"wp-block-embed__wrapper\">\n<iframe loading=\"lazy\" title=\"Viaja a Cajamarca - Y T\u00fa Qu\u00e9 Planes?\" width=\"840\" height=\"473\" src=\"https:\/\/www.youtube.com\/embed\/fmiREx3GEGo?feature=oembed\" frameborder=\"0\" allow=\"accelerometer; autoplay; clipboard-write; encrypted-media; gyroscope; picture-in-picture; web-share\" allowfullscreen><\/iframe>\n<\/div><\/figure>\n\n\n\n<hr class=\"wp-block-separator has-alpha-channel-opacity\"\/>\n\n\n\n<div class=\"wp-block-buttons is-content-justification-center is-layout-flex wp-container-1 wp-block-buttons-is-layout-flex\">\n<div class=\"wp-block-button\"><a class=\"wp-block-button__link has-vivid-green-cyan-background-color has-background wp-element-button\" href=\"https:\/\/api.whatsapp.com\/send?phone=51 971477452&amp;text=Saludos%20estoy%20interesado%20en%20la%20oferta%20Cajamarca\">Consultar por Whatsapp<\/a><\/div>\n<\/div>\n","protected":false},"excerpt":{"rendered":"<p>INCLUYE \u25baTraslados Aeropuerto \/ Hotel \/ Aeropuerto en Cajamarca\u25ba02 Noches de Alojamiento.\u25baAlimentaci\u00f3n: 02 Desayunos Continentales.\u25baCity Tour por la Ciudad de Cajamarca +Cuarto de rescate\u25baExcursi\u00f3n Necr\u00f3polis &hellip; <\/p>\n","protected":false},"author":1,"featured_media":107,"parent":0,"menu_order":0,"comment_status":"closed","ping_status":"closed","template":"","meta":{"footnotes":""},"_links":{"self":[{"href":"https:\/\/agholidaytravels.com\/index.php\/wp-json\/wp\/v2\/pages\/106"}],"collection":[{"href":"https:\/\/agholidaytravels.com\/index.php\/wp-json\/wp\/v2\/pages"}],"about":[{"href":"https:\/\/agholidaytravels.com\/index.php\/wp-json\/wp\/v2\/types\/page"}],"author":[{"embeddable":true,"href":"https:\/\/agholidaytravels.com\/index.php\/wp-json\/wp\/v2\/users\/1"}],"replies":[{"embeddable":true,"href":"https:\/\/agholidaytravels.com\/index.php\/wp-json\/wp\/v2\/comments?post=106"}],"version-history":[{"count":2,"href":"https:\/\/agholidaytravels.com\/index.php\/wp-json\/wp\/v2\/pages\/106\/revisions"}],"predecessor-version":[{"id":138,"href":"https:\/\/agholidaytravels.com\/index.php\/wp-json\/wp\/v2\/pages\/106\/revisions\/138"}],"wp:featuredmedia":[{"embeddable":true,"href":"https:\/\/agholidaytravels.com\/index.php\/wp-json\/wp\/v2\/media\/107"}],"wp:attachment":[{"href":"https:\/\/agholidaytravels.com\/index.php\/wp-json\/wp\/v2\/media?parent=106"}],"curies":[{"name":"wp","href":"https:\/\/api.w.org\/{rel}","templated":true}]}}